{"id":305,"date":"2025-08-22T16:21:04","date_gmt":"2025-08-22T14:21:04","guid":{"rendered":"https:\/\/abvb.fr\/?page_id=305"},"modified":"2025-09-14T08:08:17","modified_gmt":"2025-09-14T06:08:17","slug":"equipe-regionale-feminine","status":"publish","type":"page","link":"https:\/\/abvb.fr\/index.php\/equipe-regionale-feminine\/","title":{"rendered":"\u00c9quipe R\u00e9gionale F\u00e9minine"},"content":{"rendered":"\n<p>Pour les&nbsp;<strong>adh\u00e9rents FFVB en \u00e9quipe r\u00e9gionale f\u00e9minine&nbsp;<\/strong>, il vous faudra cr\u00e9er un espace personnel FFVolley et saisir les informations pour la demande de licence depuis cet espace. La FFVB a cr\u00e9\u00e9 un catalogue de tutoriels pour vous aider dans vos d\u00e9marches :&nbsp;<a href=\"https:\/\/my.ffvolley.org\/tutos\/\">https:\/\/my.ffvolley.org\/tutos\/<\/a><\/p>\n\n\n\n<p>Vous pourrez ensuite payer votre licence directement depuis MyFFVolley.<\/p>\n\n\n\n<div class=\"wp-block-buttons is-layout-flex wp-block-buttons-is-layout-flex\">\n<div class=\"wp-block-button\"><a class=\"wp-block-button__link wp-element-button\" href=\"https:\/\/my.ffvolley.org\/home\" target=\"_blank\" rel=\"noreferrer noopener nofollow\">Acc\u00e9der \u00e0 MyFFVolley<\/a><\/div>\n<\/div>\n\n\n\n<hr class=\"wp-block-separator has-alpha-channel-opacity\"\/>\n\n\n\n<p>Pour&nbsp;<strong>les paiements par ch\u00e8ques\/cartes sports (ANCV ou Okay Savoie)<\/strong>, il vous sera possible, au moment du paiement de saisir le type de pass dont vous disposez et le montant de l\u2019aide \u00e0 d\u00e9duire du paiement final.<\/p>\n\n\n\n<p>Ensuite il faudra pr\u00e9senter le pass ou le moyen de paiement \u00e0 un responsable du club pour finaliser l\u2019inscription et le cas \u00e9ch\u00e9ant payer le compl\u00e9ment par virement.&nbsp;<\/p>\n\n\n\n<p><strong>Note importante pour le Certificat M\u00e9dical&nbsp;<\/strong><\/p>\n\n\n\n<p>Pour les adultes, il faut compl\u00e9ter le Questionnaire de Sant\u00e9 (cf lien ci-dessous) et il n\u2019y a pas besoin de certificat m\u00e9dical d\u2019absence de contre-indication \u00e0 la pratique du volley-ball sauf s\u2019il y a une ou plusieurs r\u00e9ponses positives \u00e0 ce questionnaire, dans ce cas l\u00e0 il faudra soumettre un certificat m\u00e9dical de moins de 6 mois.<\/p>\n\n\n\n<p><a href=\"http:\/\/extranet.ffvb.org\/data\/Files\/documents\/medical\/FFvolley_qs_sport_2023-24.pdf\" target=\"_blank\" rel=\"noreferrer noopener\">Questionnaire de Sant\u00e9 Senior FFVB<\/a><\/p>\n\n\n\n<figure class=\"wp-block-gallery has-nested-images columns-default is-cropped wp-block-gallery-1 is-layout-flex wp-block-gallery-is-layout-flex\">\n<figure class=\"wp-block-image size-full\"><img decoding=\"async\" data-id=\"310\" src=\"http:\/\/abvb.fr\/wp-content\/uploads\/2025\/08\/Team-Tir_Aix-volleyball-lafelt-8.jpg\" alt=\"\" class=\"wp-image-310\"\/><\/figure>\n\n\n\n<figure class=\"wp-block-image size-full\"><img decoding=\"async\" data-id=\"313\" src=\"http:\/\/abvb.fr\/wp-content\/uploads\/2025\/08\/Team-Tir_Aix-volleyball-lafelt-28.jpg\" alt=\"\" class=\"wp-image-313\"\/><\/figure>\n\n\n\n<figure class=\"wp-block-image size-large\"><img loading=\"lazy\" decoding=\"async\" width=\"1024\" height=\"683\" data-id=\"309\" src=\"http:\/\/abvb.fr\/wp-content\/uploads\/2025\/08\/Team-Tir_Aix-volleyball-lafelt-39-1024x683.jpg\" alt=\"\" class=\"wp-image-309\" srcset=\"https:\/\/abvb.fr\/wp-content\/uploads\/2025\/08\/Team-Tir_Aix-volleyball-lafelt-39-1024x683.jpg 1024w, https:\/\/abvb.fr\/wp-content\/uploads\/2025\/08\/Team-Tir_Aix-volleyball-lafelt-39-300x200.jpg 300w, https:\/\/abvb.fr\/wp-content\/uploads\/2025\/08\/Team-Tir_Aix-volleyball-lafelt-39-768x512.jpg 768w\" sizes=\"(max-width: 767px) 89vw, (max-width: 1000px) 54vw, (max-width: 1071px) 543px, 580px\" \/><\/figure>\n\n\n\n<figure class=\"wp-block-image size-large\"><img loading=\"lazy\" decoding=\"async\" width=\"1024\" height=\"683\" data-id=\"308\" src=\"http:\/\/abvb.fr\/wp-content\/uploads\/2025\/08\/Team-Tir_Aix-volleyball-lafelt-31-1024x683.jpg\" alt=\"\" class=\"wp-image-308\" srcset=\"https:\/\/abvb.fr\/wp-content\/uploads\/2025\/08\/Team-Tir_Aix-volleyball-lafelt-31-1024x683.jpg 1024w, https:\/\/abvb.fr\/wp-content\/uploads\/2025\/08\/Team-Tir_Aix-volleyball-lafelt-31-300x200.jpg 300w, https:\/\/abvb.fr\/wp-content\/uploads\/2025\/08\/Team-Tir_Aix-volleyball-lafelt-31-768x512.jpg 768w\" sizes=\"(max-width: 767px) 89vw, (max-width: 1000px) 54vw, (max-width: 1071px) 543px, 580px\" \/><\/figure>\n\n\n\n<figure class=\"wp-block-image size-large\"><img loading=\"lazy\" decoding=\"async\" width=\"683\" height=\"1024\" data-id=\"311\" src=\"https:\/\/abvb.fr\/wp-content\/uploads\/2025\/08\/Team-Tir_Aix-volleyball-lafelt-1-683x1024.jpg\" alt=\"\" class=\"wp-image-311\" srcset=\"https:\/\/abvb.fr\/wp-content\/uploads\/2025\/08\/Team-Tir_Aix-volleyball-lafelt-1-683x1024.jpg 683w, https:\/\/abvb.fr\/wp-content\/uploads\/2025\/08\/Team-Tir_Aix-volleyball-lafelt-1-200x300.jpg 200w, https:\/\/abvb.fr\/wp-content\/uploads\/2025\/08\/Team-Tir_Aix-volleyball-lafelt-1-768x1152.jpg 768w, https:\/\/abvb.fr\/wp-content\/uploads\/2025\/08\/Team-Tir_Aix-volleyball-lafelt-1-1024x1536.jpg 1024w, https:\/\/abvb.fr\/wp-content\/uploads\/2025\/08\/Team-Tir_Aix-volleyball-lafelt-1-1365x2048.jpg 1365w, https:\/\/abvb.fr\/wp-content\/uploads\/2025\/08\/Team-Tir_Aix-volleyball-lafelt-1-scaled.jpg 1707w\" sizes=\"(max-width: 683px) 100vw, 683px\" \/><\/figure>\n<\/figure>\n","protected":false},"excerpt":{"rendered":"<p>Pour les&nbsp;adh\u00e9rents FFVB en \u00e9quipe r\u00e9gionale f\u00e9minine&nbsp;, il vous faudra cr\u00e9er un espace personnel FFVolley et saisir les informations pour la demande de licence depuis cet espace. La FFVB a cr\u00e9\u00e9 un catalogue de tutoriels pour vous aider dans vos d\u00e9marches :&nbsp;https:\/\/my.ffvolley.org\/tutos\/ Vous pourrez ensuite payer votre licence directement depuis MyFFVolley. Pour&nbsp;les paiements par ch\u00e8ques\/cartes &hellip; <\/p>\n<p class=\"link-more\"><a href=\"https:\/\/abvb.fr\/index.php\/equipe-regionale-feminine\/\" class=\"more-link\">Continue reading<span class=\"screen-reader-text\"> &#8220;\u00c9quipe R\u00e9gionale F\u00e9minine&#8221;<\/span><\/a><\/p>\n","protected":false},"author":1,"featured_media":0,"parent":0,"menu_order":0,"comment_status":"closed","ping_status":"closed","template":"","meta":{"footnotes":""},"_links":{"self":[{"href":"https:\/\/abvb.fr\/index.php\/wp-json\/wp\/v2\/pages\/305"}],"collection":[{"href":"https:\/\/abvb.fr\/index.php\/wp-json\/wp\/v2\/pages"}],"about":[{"href":"https:\/\/abvb.fr\/index.php\/wp-json\/wp\/v2\/types\/page"}],"author":[{"embeddable":true,"href":"https:\/\/abvb.fr\/index.php\/wp-json\/wp\/v2\/users\/1"}],"replies":[{"embeddable":true,"href":"https:\/\/abvb.fr\/index.php\/wp-json\/wp\/v2\/comments?post=305"}],"version-history":[{"count":7,"href":"https:\/\/abvb.fr\/index.php\/wp-json\/wp\/v2\/pages\/305\/revisions"}],"predecessor-version":[{"id":340,"href":"https:\/\/abvb.fr\/index.php\/wp-json\/wp\/v2\/pages\/305\/revisions\/340"}],"wp:attachment":[{"href":"https:\/\/abvb.fr\/index.php\/wp-json\/wp\/v2\/media?parent=305"}],"curies":[{"name":"wp","href":"https:\/\/api.w.org\/{rel}","templated":true}]}}