{"id":385,"date":"2026-04-13T17:41:10","date_gmt":"2026-04-13T15:41:10","guid":{"rendered":"https:\/\/abvb.fr\/?page_id=385"},"modified":"2026-04-13T17:45:58","modified_gmt":"2026-04-13T15:45:58","slug":"tournoi-volley-3x3","status":"publish","type":"page","link":"https:\/\/abvb.fr\/index.php\/tournoi-volley-3x3\/","title":{"rendered":"Tournoi Volley 3&#215;3"},"content":{"rendered":"<div class=\"wp-block-image\">\n<figure class=\"aligncenter size-large is-resized\"><img loading=\"lazy\" decoding=\"async\" width=\"724\" height=\"1024\" src=\"https:\/\/abvb.fr\/wp-content\/uploads\/2026\/04\/affiche-2026-13avril-724x1024.png\" alt=\"\" class=\"wp-image-386\" style=\"width:413px;height:auto\" srcset=\"https:\/\/abvb.fr\/wp-content\/uploads\/2026\/04\/affiche-2026-13avril-724x1024.png 724w, https:\/\/abvb.fr\/wp-content\/uploads\/2026\/04\/affiche-2026-13avril-212x300.png 212w, https:\/\/abvb.fr\/wp-content\/uploads\/2026\/04\/affiche-2026-13avril-768x1086.png 768w, https:\/\/abvb.fr\/wp-content\/uploads\/2026\/04\/affiche-2026-13avril-1086x1536.png 1086w, https:\/\/abvb.fr\/wp-content\/uploads\/2026\/04\/affiche-2026-13avril.png 1240w\" sizes=\"(max-width: 724px) 100vw, 724px\" \/><\/figure><\/div>\n\n\n<h1 class=\"wp-block-heading has-text-align-center has-black-color has-text-color has-link-color has-large-font-size wp-elements-cf12b2541dbfad2a0691d31d82c3a049\" style=\"text-transform:uppercase\"><strong>32<sup>\u00e8me<\/sup> \u00e9dition<\/strong><br><strong>13 &amp; 14 juin 2026<\/strong><\/h1>\n\n\n\n<p class=\"has-text-align-center\">L\u2019\u00e9v\u00e9nement incontournable du volley en plein air au bord du lac du Bourget<\/p>\n\n\n\n<h2 class=\"wp-block-heading has-text-align-center has-black-color has-text-color has-link-color wp-elements-db41269e575e07d9005bfd9470531381\" style=\"text-transform:uppercase\"><strong>Pr\u00e9sentation du tournoi<\/strong><\/h2>\n\n\n\n<p>Depuis plus de 30 ans, le tournoi de volley d\u2019Aix-les-Bains rassemble joueurs, joueuses, passionn\u00e9s et curieux dans un cadre unique, au bord du lac du Bourget.<\/p>\n\n\n\n<p>Organis\u00e9 majoritairement par des b\u00e9n\u00e9voles engag\u00e9s, cet \u00e9v\u00e9nement a su \u00e9voluer au fil des ann\u00e9es tout en conservant son ADN : <strong>convivialit\u00e9, partage et passion du sport<\/strong> !<\/p>\n\n\n\n<p>L\u2019\u00e9dition 2026 marque la <strong>32\u00e8me \u00e9dition du tournoi<\/strong>.<\/p>\n\n\n\n<p>Le tournoi se d\u00e9roule sur <strong>2 jours de comp\u00e9tition<\/strong>, offrant un week-end complet rythm\u00e9 par le sport, la convivialit\u00e9 et les rencontres.<\/p>\n\n\n\n<figure class=\"wp-block-image size-large\"><img loading=\"lazy\" decoding=\"async\" width=\"1024\" height=\"576\" src=\"https:\/\/abvb.fr\/wp-content\/uploads\/2026\/04\/Video-Tournoi-Aix-2025.00_00_48_03.Still050-1024x576.jpg\" alt=\"\" class=\"wp-image-393\" srcset=\"https:\/\/abvb.fr\/wp-content\/uploads\/2026\/04\/Video-Tournoi-Aix-2025.00_00_48_03.Still050-1024x576.jpg 1024w, https:\/\/abvb.fr\/wp-content\/uploads\/2026\/04\/Video-Tournoi-Aix-2025.00_00_48_03.Still050-300x169.jpg 300w, https:\/\/abvb.fr\/wp-content\/uploads\/2026\/04\/Video-Tournoi-Aix-2025.00_00_48_03.Still050-768x432.jpg 768w, https:\/\/abvb.fr\/wp-content\/uploads\/2026\/04\/Video-Tournoi-Aix-2025.00_00_48_03.Still050-1536x864.jpg 1536w, https:\/\/abvb.fr\/wp-content\/uploads\/2026\/04\/Video-Tournoi-Aix-2025.00_00_48_03.Still050-2048x1152.jpg 2048w\" sizes=\"(max-width: 767px) 89vw, (max-width: 1000px) 54vw, (max-width: 1071px) 543px, 580px\" \/><\/figure>\n\n\n\n<h2 class=\"wp-block-heading has-text-align-center has-black-color has-text-color has-link-color wp-elements-2c27bfc1d75bc837a827dc2cee6307aa\"><strong>Le lieu : l&#8217;Esplanade du lac<\/strong><\/h2>\n\n\n\n<p>Situ\u00e9e au bord du lac du Bourget, l\u2019Esplanade du lac offre un cadre naturel remarquable, propice \u00e0 l\u2019organisation d\u2019un \u00e9v\u00e9nement sportif en plein air. Cet espace permet d\u2019accueillir les terrains, les joueurs, le public ainsi que le village partenaires dans une ambiance conviviale et accessible.<\/p>\n\n\n\n<p>Notre tournoi se d\u00e9roule <strong>exclusivement en ext\u00e9rieur<\/strong>, dans une atmosph\u00e8re estivale et festive.<\/p>\n\n\n\n<figure class=\"wp-block-image size-large\"><img loading=\"lazy\" decoding=\"async\" width=\"1024\" height=\"133\" src=\"https:\/\/abvb.fr\/wp-content\/uploads\/2026\/04\/banner-horizontale-1024x133.png\" alt=\"\" class=\"wp-image-389\" srcset=\"https:\/\/abvb.fr\/wp-content\/uploads\/2026\/04\/banner-horizontale-1024x133.png 1024w, https:\/\/abvb.fr\/wp-content\/uploads\/2026\/04\/banner-horizontale-300x39.png 300w, https:\/\/abvb.fr\/wp-content\/uploads\/2026\/04\/banner-horizontale-768x100.png 768w, https:\/\/abvb.fr\/wp-content\/uploads\/2026\/04\/banner-horizontale-1536x200.png 1536w, https:\/\/abvb.fr\/wp-content\/uploads\/2026\/04\/banner-horizontale-2048x267.png 2048w\" sizes=\"(max-width: 767px) 89vw, (max-width: 1000px) 54vw, (max-width: 1071px) 543px, 580px\" \/><\/figure>\n\n\n\n<h2 class=\"wp-block-heading has-text-align-center has-black-color has-text-color has-link-color wp-elements-2d9bc79df54fd0f32a993a58aed56a78\"><strong>LES INSCRIPTIONS<\/strong><\/h2>\n\n\n\n<div class=\"wp-block-buttons is-content-justification-center is-layout-flex wp-container-core-buttons-is-layout-1 wp-block-buttons-is-layout-flex\">\n<div class=\"wp-block-button has-custom-width wp-block-button__width-100 is-style-outline\"><a class=\"wp-block-button__link has-black-color has-luminous-vivid-amber-background-color has-text-color has-background has-link-color has-text-align-center wp-element-button\" href=\"https:\/\/www.helloasso.com\/associations\/aix-les-bains-volleyball\/evenements\/tournoi-loisir-mixte-tournoi-de-volley-3x3-aix-les-bains-32eme-edition?fbclid=PAZXh0bgNhZW0CMTEAc3J0YwZhcHBfaWQMMjU2MjgxMDQwNTU4AAGnqg-wluheF-KvcainwnXKXcz7Svu7qWDXjoLgDTAC4IjZdGMBJlzFonaJrzI_aem_X0xnC9d5p4UX3EgBEGQ1wA\">S&#8217;inscrire au Tournoi Loisir &#8211; Samedi 13 juin 2026<\/a><\/div>\n\n\n\n<div class=\"wp-block-button has-custom-width wp-block-button__width-100 is-style-outline\"><a class=\"wp-block-button__link has-black-color has-luminous-vivid-amber-background-color has-text-color has-background has-link-color has-text-align-center wp-element-button\" href=\"https:\/\/www.helloasso.com\/associations\/aix-les-bains-volleyball\/evenements\/tournoi-masculin-tournoi-de-volley-3x3-aix-les-bains-32eme-edition?fbclid=PAZXh0bgNhZW0CMTEAc3J0YwZhcHBfaWQMMjU2MjgxMDQwNTU4AAGn3BAUYvbKQO1dXFrjWQhjKqwIgoqk6-jcrf5Ujl6hdiZNIvvGutw7yJqiDiY_aem_fH6veNxyngYg1BXuNg_LuQ\">S&#8217;inscrire au Tournoi Masculin &#8211; Dimanche 14 juin 2026<\/a><\/div>\n\n\n\n<div class=\"wp-block-button has-custom-width wp-block-button__width-100 is-style-outline\"><a class=\"wp-block-button__link has-black-color has-luminous-vivid-orange-background-color has-text-color has-background has-link-color has-text-align-center wp-element-button\" href=\"https:\/\/docs.google.com\/forms\/d\/e\/1FAIpQLSfZEZ5PCtnYZX9CVPzBe7Um-UtuDBXRw8q92cYZuK-gaKmJiw\/viewform\">Tournoi F\u00e9minin &#8211; Dimanche 14 juin 2026 &#8211; COMPLET <br>s&#8217;inscrire sur liste d&#8217;attente<\/a><\/div>\n<\/div>\n\n\n\n<h2 class=\"wp-block-heading has-text-align-center has-black-color has-text-color has-link-color wp-elements-8b2f06df137c01b6f09be42cae491f51\" style=\"text-transform:uppercase\"><strong>Les chiffres cl\u00e9s<\/strong><\/h2>\n\n\n\n<figure class=\"wp-block-image size-large\"><img loading=\"lazy\" decoding=\"async\" width=\"1024\" height=\"576\" src=\"https:\/\/abvb.fr\/wp-content\/uploads\/2026\/04\/2-jours-3-Tournois-Volley-3x3-1200-participants-1-Tournoi-de-Biere-Pong-1-Tournoi-de-Spike-Ball-1000-L-biere-32-ans-dheritage-sportif-Plus-de-4-hectares-de-pelouse-en-bord-de-lac-pour-accueillir--1024x576.png\" alt=\"\" class=\"wp-image-417\" srcset=\"https:\/\/abvb.fr\/wp-content\/uploads\/2026\/04\/2-jours-3-Tournois-Volley-3x3-1200-participants-1-Tournoi-de-Biere-Pong-1-Tournoi-de-Spike-Ball-1000-L-biere-32-ans-dheritage-sportif-Plus-de-4-hectares-de-pelouse-en-bord-de-lac-pour-accueillir--1024x576.png 1024w, https:\/\/abvb.fr\/wp-content\/uploads\/2026\/04\/2-jours-3-Tournois-Volley-3x3-1200-participants-1-Tournoi-de-Biere-Pong-1-Tournoi-de-Spike-Ball-1000-L-biere-32-ans-dheritage-sportif-Plus-de-4-hectares-de-pelouse-en-bord-de-lac-pour-accueillir--300x169.png 300w, https:\/\/abvb.fr\/wp-content\/uploads\/2026\/04\/2-jours-3-Tournois-Volley-3x3-1200-participants-1-Tournoi-de-Biere-Pong-1-Tournoi-de-Spike-Ball-1000-L-biere-32-ans-dheritage-sportif-Plus-de-4-hectares-de-pelouse-en-bord-de-lac-pour-accueillir--768x432.png 768w, https:\/\/abvb.fr\/wp-content\/uploads\/2026\/04\/2-jours-3-Tournois-Volley-3x3-1200-participants-1-Tournoi-de-Biere-Pong-1-Tournoi-de-Spike-Ball-1000-L-biere-32-ans-dheritage-sportif-Plus-de-4-hectares-de-pelouse-en-bord-de-lac-pour-accueillir--1536x864.png 1536w, https:\/\/abvb.fr\/wp-content\/uploads\/2026\/04\/2-jours-3-Tournois-Volley-3x3-1200-participants-1-Tournoi-de-Biere-Pong-1-Tournoi-de-Spike-Ball-1000-L-biere-32-ans-dheritage-sportif-Plus-de-4-hectares-de-pelouse-en-bord-de-lac-pour-accueillir-.png 1920w\" sizes=\"(max-width: 767px) 89vw, (max-width: 1000px) 54vw, (max-width: 1071px) 543px, 580px\" \/><\/figure>\n\n\n\n<h2 class=\"wp-block-heading has-text-align-center has-black-color has-text-color has-link-color wp-elements-21b054fa6b0e11f083ffe8847c2b22d7\" style=\"text-transform:uppercase\"><strong><strong>Maillot officiel 2026<\/strong><\/strong><\/h2>\n\n\n\n<div class=\"wp-block-columns is-layout-flex wp-container-core-columns-is-layout-1 wp-block-columns-is-layout-flex\">\n<div class=\"wp-block-column is-layout-flow wp-block-column-is-layout-flow\">\n<p class=\"has-black-color has-text-color has-link-color wp-elements-8544e63feaf91e20ed99972d6b985e19\"><strong>NOUVEAUT\u00c9 2026<\/strong><\/p>\n\n\n\n<p class=\"has-black-color has-text-color has-link-color wp-elements-f8046e0b34a23e0c9deae733f2f52838\">Lors de ton inscription, pense \u00e0 r\u00e9server le <strong>maillot officiel du tournoi<\/strong> !<\/p>\n\n\n\n<p class=\"has-black-color has-text-color has-link-color wp-elements-df9f2dbfec7b4e453e7f67032c9afe97\">Design exclusif<br>\u00c9dition limit\u00e9e<br>Souvenir unique du week-end<\/p>\n\n\n\n<p class=\"has-black-color has-text-color has-link-color wp-elements-6cf541618608eeefef8a71d9db80758f\">\u26a0\ufe0f Quantit\u00e9s limit\u00e9es<\/p>\n<\/div>\n\n\n\n<div class=\"wp-block-column is-layout-flow wp-block-column-is-layout-flow\">\n<figure class=\"wp-block-image size-large\"><img loading=\"lazy\" decoding=\"async\" width=\"1000\" height=\"1000\" src=\"https:\/\/abvb.fr\/wp-content\/uploads\/2026\/04\/t-shirt-20262-edited.png\" alt=\"\" class=\"wp-image-392\" srcset=\"https:\/\/abvb.fr\/wp-content\/uploads\/2026\/04\/t-shirt-20262-edited.png 1000w, https:\/\/abvb.fr\/wp-content\/uploads\/2026\/04\/t-shirt-20262-edited-300x300.png 300w, https:\/\/abvb.fr\/wp-content\/uploads\/2026\/04\/t-shirt-20262-edited-150x150.png 150w, https:\/\/abvb.fr\/wp-content\/uploads\/2026\/04\/t-shirt-20262-edited-768x768.png 768w, https:\/\/abvb.fr\/wp-content\/uploads\/2026\/04\/t-shirt-20262-edited-100x100.png 100w\" sizes=\"(max-width: 767px) 89vw, (max-width: 1000px) 54vw, (max-width: 1071px) 543px, 580px\" \/><\/figure>\n<\/div>\n<\/div>\n\n\n\n<h2 class=\"wp-block-heading has-text-align-center has-black-color has-text-color has-link-color wp-elements-c50545e6d4740fdc24dc3756acdc8f10\" style=\"text-transform:none\"><strong><strong>Paiement sur place : <\/strong><\/strong><br><strong><strong>Application PITSTOP<\/strong><\/strong><\/h2>\n\n\n\n<p class=\"has-text-align-center\">Pour simplifier ton exp\u00e9rience sur le tournoi, nous utilisons l\u2019application <strong>Pitstop<\/strong>.<\/p>\n\n\n\n<div class=\"wp-block-group\"><div class=\"wp-block-group__inner-container is-layout-constrained wp-block-group-is-layout-constrained\">\n<div class=\"wp-block-columns is-layout-flex wp-container-core-columns-is-layout-2 wp-block-columns-is-layout-flex\">\n<div class=\"wp-block-column is-layout-flow wp-block-column-is-layout-flow\">\n<p class=\"has-text-align-left\"> Une solution de paiement rapide et pratique pour :<\/p>\n\n\n\n<ul>\n<li>les boissons \ud83c\udf7b<\/li>\n\n\n\n<li>la restauration \ud83c\udf54<\/li>\n\n\n\n<li>les animations \ud83c\udf89<\/li>\n<\/ul>\n<\/div>\n\n\n\n<div class=\"wp-block-column is-layout-flow wp-block-column-is-layout-flow\">\n<h3 class=\"wp-block-heading\">Les avantages :<\/h3>\n\n\n\n<ul>\n<li>Paiement sans attente<\/li>\n\n\n\n<li>Plus besoin de liquide<\/li>\n\n\n\n<li><\/li>\n\n\n\n<li>Rechargement facile<\/li>\n\n\n\n<li>Suivi de tes d\u00e9penses<\/li>\n<\/ul>\n<\/div>\n<\/div>\n<\/div><\/div>\n\n\n\n<div class=\"wp-block-buttons is-content-justification-center is-layout-flex wp-container-core-buttons-is-layout-2 wp-block-buttons-is-layout-flex\">\n<div class=\"wp-block-button is-style-fill\"><a class=\"wp-block-button__link has-vivid-cyan-blue-background-color has-background wp-element-button\" href=\"https:\/\/play.google.com\/store\/apps\/details?id=com.pitstopapp.app&amp;pcampaignid=web_share\">T\u00e9l\u00e9charge l\u2019application d\u00e8s maintenant<\/a><\/div>\n<\/div>\n\n\n\n<div style=\"height:29px\" aria-hidden=\"true\" class=\"wp-block-spacer\"><\/div>\n\n\n\n<figure class=\"wp-block-image size-large\"><img loading=\"lazy\" decoding=\"async\" width=\"1024\" height=\"576\" src=\"https:\/\/abvb.fr\/wp-content\/uploads\/2026\/04\/Video-Tournoi-Aix-2025.00_00_08_20.Still006-1024x576.jpg\" alt=\"\" class=\"wp-image-394\" srcset=\"https:\/\/abvb.fr\/wp-content\/uploads\/2026\/04\/Video-Tournoi-Aix-2025.00_00_08_20.Still006-1024x576.jpg 1024w, https:\/\/abvb.fr\/wp-content\/uploads\/2026\/04\/Video-Tournoi-Aix-2025.00_00_08_20.Still006-300x169.jpg 300w, https:\/\/abvb.fr\/wp-content\/uploads\/2026\/04\/Video-Tournoi-Aix-2025.00_00_08_20.Still006-768x432.jpg 768w, https:\/\/abvb.fr\/wp-content\/uploads\/2026\/04\/Video-Tournoi-Aix-2025.00_00_08_20.Still006-1536x864.jpg 1536w, https:\/\/abvb.fr\/wp-content\/uploads\/2026\/04\/Video-Tournoi-Aix-2025.00_00_08_20.Still006-2048x1152.jpg 2048w\" sizes=\"(max-width: 767px) 89vw, (max-width: 1000px) 54vw, (max-width: 1071px) 543px, 580px\" \/><\/figure>\n\n\n\n<h2 class=\"wp-block-heading has-text-align-center has-black-color has-text-color has-link-color has-large-font-size wp-elements-a80adf93b24f03c81ca673b95a419403\"><strong>UNE EXP\u00c9RIENCE \u00c0 VIVRE !<\/strong><\/h2>\n\n\n\n<p class=\"has-text-align-left\"><span style=\"font-size: revert;\">Que tu sois joueur, spectateur ou simplement de passage\u2026<\/span><br><p data-start=\"3391\" data-end=\"3429\">Le tournoi d\u2019Aix-les-Bains, c\u2019est  :<\/p><\/p>\n\n\n\n<ul>\n<li>Du sport<\/li>\n\n\n\n<li>De la convivialit\u00e9<\/li>\n\n\n\n<li>Des rencontres<\/li>\n\n\n\n<li>Une ambiance unique<ul data-start=\"3430\" data-end=\"3508\"><\/ul><p data-start=\"3510\" data-end=\"3542\"><\/p><\/li>\n<\/ul>\n\n\n\n<h2 class=\"wp-block-heading has-text-align-center has-luminous-vivid-amber-color has-text-color has-link-color wp-elements-2860ebb908d38da2b81f5bb6acfbbb06\"><p data-start=\"3510\" data-end=\"3542\"><strong data-start=\"3510\" data-end=\"3542\">On t\u2019attend au bord du lac !<\/strong><\/p><\/h2>\n\n\n\n<h2 class=\"wp-block-heading has-text-align-center has-black-color has-text-color has-link-color wp-elements-647bfeafb12e6bfa98fd5cc0082b9d1e\" style=\"text-transform:uppercase\"><strong>Merci \u00e0 ceux qui rendent l\u2019aventure possible<\/strong><\/h2>\n\n\n\n<div class=\"wp-block-media-text is-stacked-on-mobile\"><figure class=\"wp-block-media-text__media\"><img loading=\"lazy\" decoding=\"async\" width=\"441\" height=\"310\" src=\"https:\/\/abvb.fr\/wp-content\/uploads\/2026\/04\/colonne-tirage-pression-biere-ours-savoie-441x310-1.avif\" alt=\"\" class=\"wp-image-395 size-full\"\/><\/figure><div class=\"wp-block-media-text__content\">\n<p class=\"has-black-color has-text-color has-link-color wp-elements-08777ecfb787da52eb01535e3f336014\"><strong>Nos partenaires, au c\u0153ur du jeu<\/strong><\/p>\n\n\n\n<p>Nos partenaires s\u2019engagent \u00e0 nos c\u00f4t\u00e9s pour faire grandir le tournoi et offrir une exp\u00e9rience inoubliable \u00e0 tous les participants et visiteurs.<\/p>\n\n\n\n<div class=\"wp-block-buttons is-layout-flex wp-block-buttons-is-layout-flex\">\n<div class=\"wp-block-button is-style-outline\"><a class=\"wp-block-button__link has-luminous-vivid-amber-background-color has-background wp-element-button\" href=\"https:\/\/abvb.fr\/index.php\/partenaires\/\">&gt; Nos partenaires<\/a><\/div>\n<\/div>\n<\/div><\/div>\n","protected":false},"excerpt":{"rendered":"<p>32\u00e8me \u00e9dition13 &amp; 14 juin 2026 L\u2019\u00e9v\u00e9nement incontournable du volley en plein air au bord du lac du Bourget Pr\u00e9sentation du tournoi Depuis plus de 30 ans, le tournoi de volley d\u2019Aix-les-Bains rassemble joueurs, joueuses, passionn\u00e9s et curieux dans un cadre unique, au bord du lac du Bourget. Organis\u00e9 majoritairement par des b\u00e9n\u00e9voles engag\u00e9s, cet &hellip; <\/p>\n<p class=\"link-more\"><a href=\"https:\/\/abvb.fr\/index.php\/tournoi-volley-3x3\/\" class=\"more-link\">Continue reading<span class=\"screen-reader-text\"> &#8220;Tournoi Volley 3&#215;3&#8221;<\/span><\/a><\/p>\n","protected":false},"author":1,"featured_media":0,"parent":0,"menu_order":0,"comment_status":"closed","ping_status":"closed","template":"","meta":{"footnotes":""},"_links":{"self":[{"href":"https:\/\/abvb.fr\/index.php\/wp-json\/wp\/v2\/pages\/385"}],"collection":[{"href":"https:\/\/abvb.fr\/index.php\/wp-json\/wp\/v2\/pages"}],"about":[{"href":"https:\/\/abvb.fr\/index.php\/wp-json\/wp\/v2\/types\/page"}],"author":[{"embeddable":true,"href":"https:\/\/abvb.fr\/index.php\/wp-json\/wp\/v2\/users\/1"}],"replies":[{"embeddable":true,"href":"https:\/\/abvb.fr\/index.php\/wp-json\/wp\/v2\/comments?post=385"}],"version-history":[{"count":13,"href":"https:\/\/abvb.fr\/index.php\/wp-json\/wp\/v2\/pages\/385\/revisions"}],"predecessor-version":[{"id":427,"href":"https:\/\/abvb.fr\/index.php\/wp-json\/wp\/v2\/pages\/385\/revisions\/427"}],"wp:attachment":[{"href":"https:\/\/abvb.fr\/index.php\/wp-json\/wp\/v2\/media?parent=385"}],"curies":[{"name":"wp","href":"https:\/\/api.w.org\/{rel}","templated":true}]}}